{"id":4108,"date":"2018-11-12T22:10:53","date_gmt":"2018-11-12T21:10:53","guid":{"rendered":"https:\/\/www.sauver-le-guirbaden.fr\/?page_id=4108"},"modified":"2018-11-12T22:36:40","modified_gmt":"2018-11-12T21:36:40","slug":"travaux-2016","status":"publish","type":"page","link":"https:\/\/www.sauver-le-guirbaden.fr\/index.php\/travaux-2016\/","title":{"rendered":"Travaux 2016"},"content":{"rendered":"<p>Travaux 2016:\u00a0 3628 h de b\u00e9n\u00e9volat r\u00e9alis\u00e9es sur le site:<\/p>\n<p>Le d\u00e9broussaillage se poursuit pour redonner de la visibilit\u00e9 \u00e0 la ruine&#8230;<\/p>\n<p>&nbsp;<\/p>\n<p><a href=\"https:\/\/www.sauver-le-guirbaden.fr\/wp-content\/uploads\/2016\/03\/citadelle-angle-nordest-11.03.2016-10.jpg\" target=\"_blank\" rel=\"noopener\"><img loading=\"lazy\" decoding=\"async\" class=\"alignnone wp-image-1459 size-medium\" src=\"https:\/\/www.sauver-le-guirbaden.fr\/wp-content\/uploads\/2016\/03\/citadelle-angle-nordest-11.03.2016-10-300x225.jpg\" alt=\"\" width=\"300\" height=\"225\" srcset=\"https:\/\/sauver-le-guirbaden.fr\/wp-content\/uploads\/2016\/03\/citadelle-angle-nordest-11.03.2016-10-300x225.jpg 300w, https:\/\/sauver-le-guirbaden.fr\/wp-content\/uploads\/2016\/03\/citadelle-angle-nordest-11.03.2016-10-768x576.jpg 768w, https:\/\/sauver-le-guirbaden.fr\/wp-content\/uploads\/2016\/03\/citadelle-angle-nordest-11.03.2016-10-600x450.jpg 600w, https:\/\/sauver-le-guirbaden.fr\/wp-content\/uploads\/2016\/03\/citadelle-angle-nordest-11.03.2016-10.jpg 800w\" sizes=\"auto, (max-width: 300px) 100vw, 300px\" \/><\/a>\u00a0<a href=\"https:\/\/www.sauver-le-guirbaden.fr\/wp-content\/uploads\/2016\/03\/citadelle-angle-nordest-26.03.2016-14.jpg\" target=\"_blank\" rel=\"noopener\"><img loading=\"lazy\" decoding=\"async\" class=\"alignnone wp-image-1460 size-medium\" src=\"https:\/\/www.sauver-le-guirbaden.fr\/wp-content\/uploads\/2016\/03\/citadelle-angle-nordest-26.03.2016-14-300x225.jpg\" alt=\"\" width=\"300\" height=\"225\" srcset=\"https:\/\/sauver-le-guirbaden.fr\/wp-content\/uploads\/2016\/03\/citadelle-angle-nordest-26.03.2016-14-300x225.jpg 300w, https:\/\/sauver-le-guirbaden.fr\/wp-content\/uploads\/2016\/03\/citadelle-angle-nordest-26.03.2016-14-768x576.jpg 768w, https:\/\/sauver-le-guirbaden.fr\/wp-content\/uploads\/2016\/03\/citadelle-angle-nordest-26.03.2016-14-600x450.jpg 600w, https:\/\/sauver-le-guirbaden.fr\/wp-content\/uploads\/2016\/03\/citadelle-angle-nordest-26.03.2016-14.jpg 800w\" sizes=\"auto, (max-width: 300px) 100vw, 300px\" \/><\/a><\/p>\n<p><a href=\"https:\/\/www.sauver-le-guirbaden.fr\/wp-content\/uploads\/2016\/03\/citadelle-3-arcs-avant-G-20.04.2015-082.jpg\" target=\"_blank\" rel=\"noopener\"><img loading=\"lazy\" decoding=\"async\" class=\"alignnone wp-image-1458 size-medium\" src=\"https:\/\/www.sauver-le-guirbaden.fr\/wp-content\/uploads\/2016\/03\/citadelle-3-arcs-avant-G-20.04.2015-082-300x225.jpg\" alt=\"\" width=\"300\" height=\"225\" srcset=\"https:\/\/sauver-le-guirbaden.fr\/wp-content\/uploads\/2016\/03\/citadelle-3-arcs-avant-G-20.04.2015-082-300x225.jpg 300w, https:\/\/sauver-le-guirbaden.fr\/wp-content\/uploads\/2016\/03\/citadelle-3-arcs-avant-G-20.04.2015-082-768x576.jpg 768w, https:\/\/sauver-le-guirbaden.fr\/wp-content\/uploads\/2016\/03\/citadelle-3-arcs-avant-G-20.04.2015-082-600x450.jpg 600w, https:\/\/sauver-le-guirbaden.fr\/wp-content\/uploads\/2016\/03\/citadelle-3-arcs-avant-G-20.04.2015-082.jpg 800w\" sizes=\"auto, (max-width: 300px) 100vw, 300px\" \/><\/a>\u00a0<a href=\"https:\/\/www.sauver-le-guirbaden.fr\/wp-content\/uploads\/2016\/03\/citadelle-3-arcs-apr\u00e8s-26.03.2016-recadr\u00e9-5.jpg\" target=\"_blank\" rel=\"noopener\"><img loading=\"lazy\" decoding=\"async\" class=\"alignnone wp-image-1457 size-medium\" src=\"https:\/\/www.sauver-le-guirbaden.fr\/wp-content\/uploads\/2016\/03\/citadelle-3-arcs-apr\u00e8s-26.03.2016-recadr\u00e9-5-300x215.jpg\" alt=\"\" width=\"300\" height=\"215\" srcset=\"https:\/\/sauver-le-guirbaden.fr\/wp-content\/uploads\/2016\/03\/citadelle-3-arcs-apr\u00e8s-26.03.2016-recadr\u00e9-5-300x215.jpg 300w, https:\/\/sauver-le-guirbaden.fr\/wp-content\/uploads\/2016\/03\/citadelle-3-arcs-apr\u00e8s-26.03.2016-recadr\u00e9-5-768x550.jpg 768w, https:\/\/sauver-le-guirbaden.fr\/wp-content\/uploads\/2016\/03\/citadelle-3-arcs-apr\u00e8s-26.03.2016-recadr\u00e9-5-600x430.jpg 600w, https:\/\/sauver-le-guirbaden.fr\/wp-content\/uploads\/2016\/03\/citadelle-3-arcs-apr\u00e8s-26.03.2016-recadr\u00e9-5.jpg 800w\" sizes=\"auto, (max-width: 300px) 100vw, 300px\" \/><\/a><\/p>\n<p>Nous r\u00e9alisons nos premi\u00e8res ma\u00e7onnerie dans les communs<\/p>\n<p><a href=\"https:\/\/www.sauver-le-guirbaden.fr\/wp-content\/uploads\/2016\/06\/20.06.2016-redimentionn\u00e9-3.jpg\" target=\"_blank\" rel=\"noopener\"><img loading=\"lazy\" decoding=\"async\" class=\"alignnone wp-image-1624 size-medium\" src=\"https:\/\/www.sauver-le-guirbaden.fr\/wp-content\/uploads\/2016\/06\/20.06.2016-redimentionn\u00e9-3-300x225.jpg\" alt=\"\" width=\"300\" height=\"225\" srcset=\"https:\/\/sauver-le-guirbaden.fr\/wp-content\/uploads\/2016\/06\/20.06.2016-redimentionn\u00e9-3-300x225.jpg 300w, https:\/\/sauver-le-guirbaden.fr\/wp-content\/uploads\/2016\/06\/20.06.2016-redimentionn\u00e9-3-768x576.jpg 768w, https:\/\/sauver-le-guirbaden.fr\/wp-content\/uploads\/2016\/06\/20.06.2016-redimentionn\u00e9-3-600x450.jpg 600w, https:\/\/sauver-le-guirbaden.fr\/wp-content\/uploads\/2016\/06\/20.06.2016-redimentionn\u00e9-3.jpg 800w\" sizes=\"auto, (max-width: 300px) 100vw, 300px\" \/><\/a>\u00a0<a href=\"https:\/\/www.sauver-le-guirbaden.fr\/wp-content\/uploads\/2016\/06\/16.06.2016-5.jpg\" target=\"_blank\" rel=\"noopener\"><img loading=\"lazy\" decoding=\"async\" class=\"alignnone wp-image-1658 size-medium\" src=\"https:\/\/www.sauver-le-guirbaden.fr\/wp-content\/uploads\/2016\/06\/16.06.2016-5-300x225.jpg\" alt=\"\" width=\"300\" height=\"225\" srcset=\"https:\/\/sauver-le-guirbaden.fr\/wp-content\/uploads\/2016\/06\/16.06.2016-5-300x225.jpg 300w, https:\/\/sauver-le-guirbaden.fr\/wp-content\/uploads\/2016\/06\/16.06.2016-5-768x576.jpg 768w, https:\/\/sauver-le-guirbaden.fr\/wp-content\/uploads\/2016\/06\/16.06.2016-5-600x450.jpg 600w, https:\/\/sauver-le-guirbaden.fr\/wp-content\/uploads\/2016\/06\/16.06.2016-5.jpg 800w\" sizes=\"auto, (max-width: 300px) 100vw, 300px\" \/><\/a><\/p>\n<p><a href=\"https:\/\/www.sauver-le-guirbaden.fr\/wp-content\/uploads\/2016\/06\/16.06.2016-19.jpg\" target=\"_blank\" rel=\"noopener\"><img loading=\"lazy\" decoding=\"async\" class=\"alignnone wp-image-1666 size-medium\" src=\"https:\/\/www.sauver-le-guirbaden.fr\/wp-content\/uploads\/2016\/06\/16.06.2016-19-300x225.jpg\" alt=\"\" width=\"300\" height=\"225\" srcset=\"https:\/\/sauver-le-guirbaden.fr\/wp-content\/uploads\/2016\/06\/16.06.2016-19-300x225.jpg 300w, https:\/\/sauver-le-guirbaden.fr\/wp-content\/uploads\/2016\/06\/16.06.2016-19-768x576.jpg 768w, https:\/\/sauver-le-guirbaden.fr\/wp-content\/uploads\/2016\/06\/16.06.2016-19-600x450.jpg 600w, https:\/\/sauver-le-guirbaden.fr\/wp-content\/uploads\/2016\/06\/16.06.2016-19.jpg 800w\" sizes=\"auto, (max-width: 300px) 100vw, 300px\" \/><\/a>\u00a0<a href=\"https:\/\/www.sauver-le-guirbaden.fr\/wp-content\/uploads\/2016\/08\/27.08.2016-3.jpg\" target=\"_blank\" rel=\"noopener\"><img loading=\"lazy\" decoding=\"async\" class=\"alignnone wp-image-1839 size-medium\" src=\"https:\/\/www.sauver-le-guirbaden.fr\/wp-content\/uploads\/2016\/08\/27.08.2016-3-300x225.jpg\" alt=\"\" width=\"300\" height=\"225\" srcset=\"https:\/\/sauver-le-guirbaden.fr\/wp-content\/uploads\/2016\/08\/27.08.2016-3-300x225.jpg 300w, https:\/\/sauver-le-guirbaden.fr\/wp-content\/uploads\/2016\/08\/27.08.2016-3-768x576.jpg 768w, https:\/\/sauver-le-guirbaden.fr\/wp-content\/uploads\/2016\/08\/27.08.2016-3-600x450.jpg 600w, https:\/\/sauver-le-guirbaden.fr\/wp-content\/uploads\/2016\/08\/27.08.2016-3-640x480.jpg 640w, https:\/\/sauver-le-guirbaden.fr\/wp-content\/uploads\/2016\/08\/27.08.2016-3-620x465.jpg 620w, https:\/\/sauver-le-guirbaden.fr\/wp-content\/uploads\/2016\/08\/27.08.2016-3-400x300.jpg 400w, https:\/\/sauver-le-guirbaden.fr\/wp-content\/uploads\/2016\/08\/27.08.2016-3.jpg 800w\" sizes=\"auto, (max-width: 300px) 100vw, 300px\" \/><\/a><\/p>\n<p>Voici quelques\u00a0 &#8221; avant\/apr\u00e8s &#8221; en images:<\/p>\n<p><a href=\"https:\/\/www.sauver-le-guirbaden.fr\/wp-content\/uploads\/2016\/10\/communs-1-fen\u00eatre-int-16.04.2016-11.jpg\" target=\"_blank\" rel=\"noopener\"><img loading=\"lazy\" decoding=\"async\" class=\"alignnone wp-image-1984 size-medium\" src=\"https:\/\/www.sauver-le-guirbaden.fr\/wp-content\/uploads\/2016\/10\/communs-1-fen\u00eatre-int-16.04.2016-11-300x225.jpg\" alt=\"\" width=\"300\" height=\"225\" srcset=\"https:\/\/sauver-le-guirbaden.fr\/wp-content\/uploads\/2016\/10\/communs-1-fen\u00eatre-int-16.04.2016-11-300x225.jpg 300w, https:\/\/sauver-le-guirbaden.fr\/wp-content\/uploads\/2016\/10\/communs-1-fen\u00eatre-int-16.04.2016-11-768x576.jpg 768w, https:\/\/sauver-le-guirbaden.fr\/wp-content\/uploads\/2016\/10\/communs-1-fen\u00eatre-int-16.04.2016-11-600x450.jpg 600w, https:\/\/sauver-le-guirbaden.fr\/wp-content\/uploads\/2016\/10\/communs-1-fen\u00eatre-int-16.04.2016-11-640x480.jpg 640w, https:\/\/sauver-le-guirbaden.fr\/wp-content\/uploads\/2016\/10\/communs-1-fen\u00eatre-int-16.04.2016-11-620x465.jpg 620w, https:\/\/sauver-le-guirbaden.fr\/wp-content\/uploads\/2016\/10\/communs-1-fen\u00eatre-int-16.04.2016-11-400x300.jpg 400w, https:\/\/sauver-le-guirbaden.fr\/wp-content\/uploads\/2016\/10\/communs-1-fen\u00eatre-int-16.04.2016-11.jpg 800w\" sizes=\"auto, (max-width: 300px) 100vw, 300px\" \/><\/a>\u00a0<a href=\"https:\/\/www.sauver-le-guirbaden.fr\/wp-content\/uploads\/2016\/10\/communs-1-fen\u00eatre-int-04.10.2016-9.jpg\" target=\"_blank\" rel=\"noopener\"><img loading=\"lazy\" decoding=\"async\" class=\"alignnone wp-image-1983 size-medium\" src=\"https:\/\/www.sauver-le-guirbaden.fr\/wp-content\/uploads\/2016\/10\/communs-1-fen\u00eatre-int-04.10.2016-9-300x225.jpg\" alt=\"\" width=\"300\" height=\"225\" srcset=\"https:\/\/sauver-le-guirbaden.fr\/wp-content\/uploads\/2016\/10\/communs-1-fen\u00eatre-int-04.10.2016-9-300x225.jpg 300w, https:\/\/sauver-le-guirbaden.fr\/wp-content\/uploads\/2016\/10\/communs-1-fen\u00eatre-int-04.10.2016-9-768x576.jpg 768w, https:\/\/sauver-le-guirbaden.fr\/wp-content\/uploads\/2016\/10\/communs-1-fen\u00eatre-int-04.10.2016-9-600x450.jpg 600w, https:\/\/sauver-le-guirbaden.fr\/wp-content\/uploads\/2016\/10\/communs-1-fen\u00eatre-int-04.10.2016-9-640x480.jpg 640w, https:\/\/sauver-le-guirbaden.fr\/wp-content\/uploads\/2016\/10\/communs-1-fen\u00eatre-int-04.10.2016-9-620x465.jpg 620w, https:\/\/sauver-le-guirbaden.fr\/wp-content\/uploads\/2016\/10\/communs-1-fen\u00eatre-int-04.10.2016-9-400x300.jpg 400w, https:\/\/sauver-le-guirbaden.fr\/wp-content\/uploads\/2016\/10\/communs-1-fen\u00eatre-int-04.10.2016-9.jpg 800w\" sizes=\"auto, (max-width: 300px) 100vw, 300px\" \/><\/a><\/p>\n<p><a href=\"https:\/\/www.sauver-le-guirbaden.fr\/wp-content\/uploads\/2016\/06\/mur-angle-nord-ouest-ext-avt.jpg\" target=\"_blank\" rel=\"noopener\"><img loading=\"lazy\" decoding=\"async\" class=\"alignnone wp-image-1617 size-medium\" src=\"https:\/\/www.sauver-le-guirbaden.fr\/wp-content\/uploads\/2016\/06\/mur-angle-nord-ouest-ext-avt-300x225.jpg\" alt=\"\" width=\"300\" height=\"225\" srcset=\"https:\/\/sauver-le-guirbaden.fr\/wp-content\/uploads\/2016\/06\/mur-angle-nord-ouest-ext-avt-300x225.jpg 300w, https:\/\/sauver-le-guirbaden.fr\/wp-content\/uploads\/2016\/06\/mur-angle-nord-ouest-ext-avt-768x576.jpg 768w, https:\/\/sauver-le-guirbaden.fr\/wp-content\/uploads\/2016\/06\/mur-angle-nord-ouest-ext-avt-600x450.jpg 600w, https:\/\/sauver-le-guirbaden.fr\/wp-content\/uploads\/2016\/06\/mur-angle-nord-ouest-ext-avt.jpg 800w\" sizes=\"auto, (max-width: 300px) 100vw, 300px\" \/><\/a>\u00a0<a href=\"https:\/\/www.sauver-le-guirbaden.fr\/wp-content\/uploads\/2016\/06\/mur-angle-nord-ouest-apr\u00e8s.jpg\" target=\"_blank\" rel=\"noopener\"><img loading=\"lazy\" decoding=\"async\" class=\"alignnone wp-image-1616 size-medium\" src=\"https:\/\/www.sauver-le-guirbaden.fr\/wp-content\/uploads\/2016\/06\/mur-angle-nord-ouest-apr\u00e8s-300x225.jpg\" alt=\"\" width=\"300\" height=\"225\" srcset=\"https:\/\/sauver-le-guirbaden.fr\/wp-content\/uploads\/2016\/06\/mur-angle-nord-ouest-apr\u00e8s-300x225.jpg 300w, https:\/\/sauver-le-guirbaden.fr\/wp-content\/uploads\/2016\/06\/mur-angle-nord-ouest-apr\u00e8s-768x576.jpg 768w, https:\/\/sauver-le-guirbaden.fr\/wp-content\/uploads\/2016\/06\/mur-angle-nord-ouest-apr\u00e8s-600x450.jpg 600w, https:\/\/sauver-le-guirbaden.fr\/wp-content\/uploads\/2016\/06\/mur-angle-nord-ouest-apr\u00e8s.jpg 800w\" sizes=\"auto, (max-width: 300px) 100vw, 300px\" \/><\/a><\/p>\n<p><a href=\"https:\/\/www.sauver-le-guirbaden.fr\/wp-content\/uploads\/2016\/10\/communs-2-mur-est-face-07.05.2016-18.jpg\" target=\"_blank\" rel=\"noopener\"><img loading=\"lazy\" decoding=\"async\" class=\"alignnone wp-image-1998 size-medium\" src=\"https:\/\/www.sauver-le-guirbaden.fr\/wp-content\/uploads\/2016\/10\/communs-2-mur-est-face-07.05.2016-18-300x225.jpg\" alt=\"\" width=\"300\" height=\"225\" srcset=\"https:\/\/sauver-le-guirbaden.fr\/wp-content\/uploads\/2016\/10\/communs-2-mur-est-face-07.05.2016-18-300x225.jpg 300w, https:\/\/sauver-le-guirbaden.fr\/wp-content\/uploads\/2016\/10\/communs-2-mur-est-face-07.05.2016-18-768x576.jpg 768w, https:\/\/sauver-le-guirbaden.fr\/wp-content\/uploads\/2016\/10\/communs-2-mur-est-face-07.05.2016-18-600x450.jpg 600w, https:\/\/sauver-le-guirbaden.fr\/wp-content\/uploads\/2016\/10\/communs-2-mur-est-face-07.05.2016-18.jpg 800w\" sizes=\"auto, (max-width: 300px) 100vw, 300px\" \/><\/a>\u00a0<a href=\"https:\/\/www.sauver-le-guirbaden.fr\/wp-content\/uploads\/2016\/10\/communs-2-mur-est-21.10.2016-1.jpg\" target=\"_blank\" rel=\"noopener\"><img loading=\"lazy\" decoding=\"async\" class=\"alignnone wp-image-1997 size-medium\" src=\"https:\/\/www.sauver-le-guirbaden.fr\/wp-content\/uploads\/2016\/10\/communs-2-mur-est-21.10.2016-1-300x225.jpg\" alt=\"\" width=\"300\" height=\"225\" srcset=\"https:\/\/sauver-le-guirbaden.fr\/wp-content\/uploads\/2016\/10\/communs-2-mur-est-21.10.2016-1-300x225.jpg 300w, https:\/\/sauver-le-guirbaden.fr\/wp-content\/uploads\/2016\/10\/communs-2-mur-est-21.10.2016-1-768x576.jpg 768w, https:\/\/sauver-le-guirbaden.fr\/wp-content\/uploads\/2016\/10\/communs-2-mur-est-21.10.2016-1-600x450.jpg 600w, https:\/\/sauver-le-guirbaden.fr\/wp-content\/uploads\/2016\/10\/communs-2-mur-est-21.10.2016-1.jpg 800w\" sizes=\"auto, (max-width: 300px) 100vw, 300px\" \/><\/a><\/p>\n<p><a href=\"https:\/\/www.sauver-le-guirbaden.fr\/wp-content\/uploads\/2016\/10\/communs-1-angle-nord-ouest-int-03.06.2016-3.jpg\" target=\"_blank\" rel=\"noopener\"><img loading=\"lazy\" decoding=\"async\" class=\"alignnone wp-image-1979 size-medium\" src=\"https:\/\/www.sauver-le-guirbaden.fr\/wp-content\/uploads\/2016\/10\/communs-1-angle-nord-ouest-int-03.06.2016-3-300x225.jpg\" alt=\"\" width=\"300\" height=\"225\" srcset=\"https:\/\/sauver-le-guirbaden.fr\/wp-content\/uploads\/2016\/10\/communs-1-angle-nord-ouest-int-03.06.2016-3-300x225.jpg 300w, https:\/\/sauver-le-guirbaden.fr\/wp-content\/uploads\/2016\/10\/communs-1-angle-nord-ouest-int-03.06.2016-3-768x576.jpg 768w, https:\/\/sauver-le-guirbaden.fr\/wp-content\/uploads\/2016\/10\/communs-1-angle-nord-ouest-int-03.06.2016-3-600x450.jpg 600w, https:\/\/sauver-le-guirbaden.fr\/wp-content\/uploads\/2016\/10\/communs-1-angle-nord-ouest-int-03.06.2016-3.jpg 800w\" sizes=\"auto, (max-width: 300px) 100vw, 300px\" \/><\/a>\u00a0<a href=\"https:\/\/www.sauver-le-guirbaden.fr\/wp-content\/uploads\/2016\/10\/communs-1-angle-nord-ouest-int-21.10.2016-17.jpg\" target=\"_blank\" rel=\"noopener\"><img loading=\"lazy\" decoding=\"async\" class=\"alignnone wp-image-1980 size-medium\" src=\"https:\/\/www.sauver-le-guirbaden.fr\/wp-content\/uploads\/2016\/10\/communs-1-angle-nord-ouest-int-21.10.2016-17-300x225.jpg\" alt=\"\" width=\"300\" height=\"225\" srcset=\"https:\/\/sauver-le-guirbaden.fr\/wp-content\/uploads\/2016\/10\/communs-1-angle-nord-ouest-int-21.10.2016-17-300x225.jpg 300w, https:\/\/sauver-le-guirbaden.fr\/wp-content\/uploads\/2016\/10\/communs-1-angle-nord-ouest-int-21.10.2016-17-768x576.jpg 768w, https:\/\/sauver-le-guirbaden.fr\/wp-content\/uploads\/2016\/10\/communs-1-angle-nord-ouest-int-21.10.2016-17-600x450.jpg 600w, https:\/\/sauver-le-guirbaden.fr\/wp-content\/uploads\/2016\/10\/communs-1-angle-nord-ouest-int-21.10.2016-17.jpg 800w\" sizes=\"auto, (max-width: 300px) 100vw, 300px\" \/><\/a><\/p>\n","protected":false},"excerpt":{"rendered":"<p>Travaux 2016:\u00a0 3628 h de b\u00e9n\u00e9volat r\u00e9alis\u00e9es sur le site: Le d\u00e9broussaillage se poursuit pour redonner de la visibilit\u00e9 \u00e0 la ruine&#8230; &nbsp; \u00a0 \u00a0 Nous r\u00e9alisons nos premi\u00e8res ma\u00e7onnerie dans les communs \u00a0 \u00a0 Voici quelques\u00a0 &#8221; avant\/apr\u00e8s &#8221; en images: \u00a0 \u00a0 \u00a0 \u00a0<\/p>\n","protected":false},"author":2,"featured_media":0,"parent":0,"menu_order":0,"comment_status":"closed","ping_status":"closed","template":"","meta":{"footnotes":""},"class_list":["post-4108","page","type-page","status-publish","hentry"],"_links":{"self":[{"href":"https:\/\/www.sauver-le-guirbaden.fr\/index.php\/wp-json\/wp\/v2\/pages\/4108","targetHints":{"allow":["GET"]}}],"collection":[{"href":"https:\/\/www.sauver-le-guirbaden.fr\/index.php\/wp-json\/wp\/v2\/pages"}],"about":[{"href":"https:\/\/www.sauver-le-guirbaden.fr\/index.php\/wp-json\/wp\/v2\/types\/page"}],"author":[{"embeddable":true,"href":"https:\/\/www.sauver-le-guirbaden.fr\/index.php\/wp-json\/wp\/v2\/users\/2"}],"replies":[{"embeddable":true,"href":"https:\/\/www.sauver-le-guirbaden.fr\/index.php\/wp-json\/wp\/v2\/comments?post=4108"}],"version-history":[{"count":0,"href":"https:\/\/www.sauver-le-guirbaden.fr\/index.php\/wp-json\/wp\/v2\/pages\/4108\/revisions"}],"wp:attachment":[{"href":"https:\/\/www.sauver-le-guirbaden.fr\/index.php\/wp-json\/wp\/v2\/media?parent=4108"}],"curies":[{"name":"wp","href":"https:\/\/api.w.org\/{rel}","templated":true}]}}