{"id":7354,"date":"2023-01-16T20:59:09","date_gmt":"2023-01-16T19:59:09","guid":{"rendered":"https:\/\/www.sauver-le-guirbaden.fr\/?page_id=7354"},"modified":"2023-01-16T20:59:09","modified_gmt":"2023-01-16T19:59:09","slug":"amenagements-pour-les-visiteurs","status":"publish","type":"page","link":"https:\/\/www.sauver-le-guirbaden.fr\/index.php\/amenagements-pour-les-visiteurs\/","title":{"rendered":"Am\u00e9nagements pour les visiteurs"},"content":{"rendered":"<p>Afin de rendre la visite plus agr\u00e9able, les b\u00e9n\u00e9voles ont install\u00e9 des tables et bancs sur le site, des panneaux d&#8217;informations et am\u00e9nag\u00e9 les abords.<\/p>\n","protected":false},"excerpt":{"rendered":"<p>Afin de rendre la visite plus agr\u00e9able, les b\u00e9n\u00e9voles ont install\u00e9 des tables et bancs sur le site, des panneaux d&#8217;informations et am\u00e9nag\u00e9 les abords.<\/p>\n","protected":false},"author":2,"featured_media":0,"parent":0,"menu_order":0,"comment_status":"closed","ping_status":"closed","template":"","meta":{"footnotes":""},"class_list":["post-7354","page","type-page","status-publish","hentry"],"_links":{"self":[{"href":"https:\/\/www.sauver-le-guirbaden.fr\/index.php\/wp-json\/wp\/v2\/pages\/7354","targetHints":{"allow":["GET"]}}],"collection":[{"href":"https:\/\/www.sauver-le-guirbaden.fr\/index.php\/wp-json\/wp\/v2\/pages"}],"about":[{"href":"https:\/\/www.sauver-le-guirbaden.fr\/index.php\/wp-json\/wp\/v2\/types\/page"}],"author":[{"embeddable":true,"href":"https:\/\/www.sauver-le-guirbaden.fr\/index.php\/wp-json\/wp\/v2\/users\/2"}],"replies":[{"embeddable":true,"href":"https:\/\/www.sauver-le-guirbaden.fr\/index.php\/wp-json\/wp\/v2\/comments?post=7354"}],"version-history":[{"count":1,"href":"https:\/\/www.sauver-le-guirbaden.fr\/index.php\/wp-json\/wp\/v2\/pages\/7354\/revisions"}],"predecessor-version":[{"id":7356,"href":"https:\/\/www.sauver-le-guirbaden.fr\/index.php\/wp-json\/wp\/v2\/pages\/7354\/revisions\/7356"}],"wp:attachment":[{"href":"https:\/\/www.sauver-le-guirbaden.fr\/index.php\/wp-json\/wp\/v2\/media?parent=7354"}],"curies":[{"name":"wp","href":"https:\/\/api.w.org\/{rel}","templated":true}]}}